{"id":446,"date":"2024-06-03T22:14:29","date_gmt":"2024-06-03T22:14:29","guid":{"rendered":"https:\/\/sandbox.vam.com.mx\/?page_id=446"},"modified":"2025-04-24T17:16:23","modified_gmt":"2025-04-24T17:16:23","slug":"aviso-de-privacidad","status":"publish","type":"page","link":"https:\/\/sandbox.vam.com.mx\/index.php\/aviso-de-privacidad\/","title":{"rendered":"Aviso de privacidad"},"content":{"rendered":"\t\t<div data-elementor-type=\"wp-page\" data-elementor-id=\"446\" class=\"elementor elementor-446\">\n\t\t\t\t<div class=\"elementor-element elementor-element-a4cebfe e-flex e-con-boxed e-con e-parent\" data-id=\"a4cebfe\" data-element_type=\"container\" data-settings=\"{&quot;background_background&quot;:&quot;classic&quot;}\">\n\t\t\t\t\t<div class=\"e-con-inner\">\n\t\t\t\t<div class=\"elementor-element elementor-element-4d69aa2 exad-sticky-section-no exad-glass-effect-no elementor-widget elementor-widget-heading\" data-id=\"4d69aa2\" data-element_type=\"widget\" data-widget_type=\"heading.default\">\n\t\t\t\t<div class=\"elementor-widget-container\">\n\t\t\t\t\t<span class=\"elementor-heading-title elementor-size-default\"><span style=\"font-variant: small-caps;\">Aviso de Privacidad Integral<\/span>\n<\/span>\t\t\t\t<\/div>\n\t\t\t\t<\/div>\n\t\t\t\t\t<\/div>\n\t\t\t\t<\/div>\n\t\t<div class=\"elementor-element elementor-element-fbbdea7 e-flex e-con-boxed e-con e-parent\" data-id=\"fbbdea7\" data-element_type=\"container\">\n\t\t\t\t\t<div class=\"e-con-inner\">\n\t\t\t\t<div class=\"elementor-element elementor-element-19b9d2e exad-sticky-section-no exad-glass-effect-no elementor-widget elementor-widget-spacer\" data-id=\"19b9d2e\" data-element_type=\"widget\" data-widget_type=\"spacer.default\">\n\t\t\t\t<div class=\"elementor-widget-container\">\n\t\t\t\t\t\t\t<div class=\"elementor-spacer\">\n\t\t\t<div class=\"elementor-spacer-inner\"><\/div>\n\t\t<\/div>\n\t\t\t\t\t\t<\/div>\n\t\t\t\t<\/div>\n\t\t\t\t\t<\/div>\n\t\t\t\t<\/div>\n\t\t<div class=\"elementor-element elementor-element-e874ca8 e-flex e-con-boxed e-con e-parent\" data-id=\"e874ca8\" data-element_type=\"container\">\n\t\t\t\t\t<div class=\"e-con-inner\">\n\t\t\t\t<div class=\"elementor-element elementor-element-018abaf exad-sticky-section-no exad-glass-effect-no elementor-widget elementor-widget-text-editor\" data-id=\"018abaf\" data-element_type=\"widget\" data-widget_type=\"text-editor.default\">\n\t\t\t\t<div class=\"elementor-widget-container\">\n\t\t\t\t\t\t\t\t\t<p>Responsable del tratamiento de sus datos personales:<\/p><p>Grupo Anjamax\u00a0\u00a0(\u201cAnjamax\u201d)<\/p><p>Domicilio del Responsable:<\/p><p>Av. Urano 26, Interior 2, Colonia Jardines de Mocambo, Boca del R\u00edo, Veracruz, C.P. 94299<\/p><p>Tel\u00e9fonos:<\/p><p>55-86-16-13-09<\/p><p>Correo electr\u00f3nico:<\/p><p><strong>grupoanjamax@anjamax.com<\/strong><\/p><p>Como responsable del tratamiento de sus datos personales,\u00a0Anjamax\u00a0estamos comprometidos con la protecci\u00f3n de sus datos personales. Por tanto, hemos elaborado este Aviso de Privacidad Integral (en adelante, el \u201cAviso\u201d) para informarle sobre c\u00f3mo recabamos, utilizamos y tratamos sus datos personales, as\u00ed como para explicarle los derechos que tiene como titular de los mismos.<\/p><p>\u00bfQu\u00e9 datos personales recabamos?<\/p><p>Los datos personales que recabamos de usted pueden incluir, entre otros:<\/p><ul><li>Datos de identificaci\u00f3n: nombre completo, domicilio, n\u00famero de tel\u00e9fono, correo electr\u00f3nico, fecha de nacimiento, CURP, RFC, nacionalidad y estado civil.<\/li><li>Datos laborales: puesto de trabajo, empresa para la que labora, salario y prestaciones.<\/li><li>Datos financieros: informaci\u00f3n bancaria, estados de cuenta y comprobantes de pago.<\/li><li>Datos sensibles: datos de salud, origen racial o \u00e9tnico, familiares, opiniones pol\u00edticas o creencias religiosas.<\/li><\/ul><p>\u00bfC\u00f3mo recabamos sus datos personales?<\/p><p>Recabamos sus datos personales de diversas maneras, incluyendo:<\/p><ul><li>Directamente: cuando usted nos proporciona sus datos personales de manera personal, por tel\u00e9fono, correo electr\u00f3nico o a trav\u00e9s de nuestro sitio web.<\/li><li>Indirectamente: cuando obtenemos sus datos personales a trav\u00e9s de terceros, con su consentimiento previo.<\/li><li>De manera autom\u00e1tica: cuando usted visita nuestro sitio web o utiliza nuestros servicios, podemos recopilar informaci\u00f3n sobre su dispositivo y su actividad de navegaci\u00f3n.<\/li><\/ul><p>\u00bfCon qu\u00e9 fines utilizamos sus datos personales?<\/p><p>Utilizamos sus datos personales para los siguientes fines:<\/p><ul><li>Prestarle servicios profesionales: para poder brindarle la asesor\u00eda que usted requiere, necesitamos recopilar y utilizar sus datos personales.<\/li><li>Contactarlo: para poder comunicarnos con usted en relaci\u00f3n con los servicios que le prestamos o para informarle sobre otro tipo de servicios.<\/li><li>Cumplir con obligaciones legales: estamos obligados por ley a tratar sus datos personales para cumplir con diversas obligaciones fiscales, contables y de seguridad.<\/li><\/ul><p>Para efectos del presente Aviso de Privacidad para Contacto, no existen finalidades adicionales.<\/p><p>\u00bfA qui\u00e9nes transferimos sus datos personales?<\/p><p>No transferimos a tercero alguno los datos personales que recabamos para el cumplimiento de las finalidades mencionadas en el presente Aviso.<\/p><p>\u00bfQu\u00e9 medidas de seguridad implementamos para proteger sus datos personales?<\/p><p>Hemos implementado diversas medidas de seguridad administrativas, t\u00e9cnicas y f\u00edsicas para proteger sus datos personales contra el uso, acceso, tratamiento o disposici\u00f3n no autorizados, as\u00ed como contra su p\u00e9rdida, da\u00f1o o alteraci\u00f3n.<\/p><p>\u00bfPor cu\u00e1nto tiempo conservamos sus datos personales?<\/p><p>Conservaremos sus datos personales durante el tiempo que sea necesario para cumplir con las finalidades para las que fueron recabados, as\u00ed como para cumplir con nuestras obligaciones legales.<\/p><p>\u00bfC\u00f3mo puede ejercer sus derechos ARCO?<\/p><p>Usted tiene derecho a:<\/p><ul><li>Acceso: a conocer qu\u00e9 datos personales tenemos de usted y c\u00f3mo los estamos utilizando.<\/li><li>Rectificaci\u00f3n: a solicitar la correcci\u00f3n de sus datos personales en caso de que sean inexactos o est\u00e9n incompletos.<\/li><li>Cancelaci\u00f3n: a solicitar que eliminemos sus datos personales cuando ya no sean necesarios para los fines para los que fueron recabados o cuando usted considere que su tratamiento es contrario a la ley.<\/li><li>Oposici\u00f3n: a oponerse al tratamiento de sus datos personales para fines espec\u00edficos.<\/li><\/ul><p>Para ejercer sus derechos ARCO, puede presentar una solicitud por escrito dirigida al Responsable del tratamiento de sus datos personales, mediante mensaje por correo electr\u00f3nico a la direcci\u00f3n de correo electr\u00f3nico que se indica al inicio de este Aviso. Su solicitud debe contener al menos la siguiente informaci\u00f3n:<\/p><ul><li>Su nombre completo y domicilio.<\/li><li>Los datos personales respecto de los cuales desea ejercer alg\u00fan derecho ARCO.<\/li><li>Una copia de su identificaci\u00f3n oficial.<\/li><li>La fecha en que presenta su solicitud.<\/li><\/ul><p>En un plazo m\u00e1ximo de veinte d\u00edas h\u00e1biles a partir de recibida su solicitud, nos comunicaremos con Usted para informarle nuestra determinaci\u00f3n respecto de la referida solicitud.<\/p><p>En el caso de resultar procedente, la solicitud se har\u00e1 efectiva dentro de los quince d\u00edas h\u00e1biles siguientes a la fecha en que le comuniquemos nuestra determinaci\u00f3n.<\/p><p>En el supuesto de que la informaci\u00f3n proporcionada en su solicitud se estime err\u00f3nea y\/o insuficiente, dentro de los cinco d\u00edas h\u00e1biles a su recepci\u00f3n, requeriremos que se realicen las aclaraciones pertinentes para tramitar la solicitud. En este caso, Usted dispondr\u00e1 de un plazo de diez d\u00edas h\u00e1biles para atender nuestro requerimiento. Su solicitud no se tendr\u00e1 por presentada en el caso de que no responda debidamente dentro del referido plazo de diez d\u00edas h\u00e1biles.<\/p><p>Es importante mencionarle que por virtud del ordenamiento jur\u00eddico aplicable, no siempre podremos atender su solicitud conforme a lo que Usted nos requiera.<\/p><p>\u00bfC\u00f3mo puede revocar su consentimiento?<\/p><p>Usted puede revocar su consentimiento para el tratamiento de sus datos personales en cualquier momento, sin perjuicio de los tratamientos que ya se hayan realizado con base en el consentimiento previo, siempre y cuando la referida revocaci\u00f3n no implique la imposibilidad de cumplir obligaciones derivadas de una relaci\u00f3n jur\u00eddica vigente entre Usted y nosotros, o bien que no pueda desahogarse en ese sentido por contravenir alguna norma jur\u00eddica aplicable.<\/p><p>Para revocar su consentimiento, debe presentar una solicitud por escrito dirigida al Responsable del tratamiento de sus datos personales, mediante mensaje por correo electr\u00f3nico a la direcci\u00f3n de correo electr\u00f3nico que se indica al inicio de este Aviso, siguiendo el mismo procedimiento establecido para ejercer sus derechos ARCO.<\/p><p>\u00bfC\u00f3mo puedo informarme sobre cambios al Aviso?<\/p><p>Podremos modificar el contenido y por tanto, el alcance del presente Aviso, en cualquier momento. Los cambios en cuesti\u00f3n podr\u00e1n verse reflejados en la presente secci\u00f3n de \u201cAviso de Privacidad\u201d.<\/p><p>Fecha de \u00faltima actualizaci\u00f3n:<\/p><p>23 de abril de\u00a02025.<\/p><p>\u00a0<\/p>\t\t\t\t\t\t\t\t<\/div>\n\t\t\t\t<\/div>\n\t\t\t\t\t<\/div>\n\t\t\t\t<\/div>\n\t\t<div class=\"elementor-element elementor-element-281c55d e-flex e-con-boxed e-con e-parent\" data-id=\"281c55d\" data-element_type=\"container\">\n\t\t\t\t\t<div class=\"e-con-inner\">\n\t\t\t\t<div class=\"elementor-element elementor-element-e09c8ad elementor-align-center exad-sticky-section-no exad-glass-effect-no elementor-widget elementor-widget-button\" data-id=\"e09c8ad\" data-element_type=\"widget\" data-widget_type=\"button.default\">\n\t\t\t\t<div class=\"elementor-widget-container\">\n\t\t\t\t\t\t\t\t\t<div class=\"elementor-button-wrapper\">\n\t\t\t\t\t<a class=\"elementor-button elementor-button-link elementor-size-sm\" href=\"https:\/\/sandbox.vam.com.mx\/\">\n\t\t\t\t\t\t<span class=\"elementor-button-content-wrapper\">\n\t\t\t\t\t\t\t\t\t<span class=\"elementor-button-text\">Regresar<\/span>\n\t\t\t\t\t<\/span>\n\t\t\t\t\t<\/a>\n\t\t\t\t<\/div>\n\t\t\t\t\t\t\t\t<\/div>\n\t\t\t\t<\/div>\n\t\t\t\t\t<\/div>\n\t\t\t\t<\/div>\n\t\t<div class=\"elementor-element elementor-element-2973b10 e-flex e-con-boxed e-con e-parent\" data-id=\"2973b10\" data-element_type=\"container\">\n\t\t\t\t\t<div class=\"e-con-inner\">\n\t\t\t\t<div class=\"elementor-element elementor-element-c2e412d exad-sticky-section-no exad-glass-effect-no elementor-widget elementor-widget-spacer\" data-id=\"c2e412d\" data-element_type=\"widget\" data-widget_type=\"spacer.default\">\n\t\t\t\t<div class=\"elementor-widget-container\">\n\t\t\t\t\t\t\t<div class=\"elementor-spacer\">\n\t\t\t<div class=\"elementor-spacer-inner\"><\/div>\n\t\t<\/div>\n\t\t\t\t\t\t<\/div>\n\t\t\t\t<\/div>\n\t\t\t\t\t<\/div>\n\t\t\t\t<\/div>\n\t\t\t\t<\/div>\n\t\t","protected":false},"excerpt":{"rendered":"<p>Aviso de Privacidad Integral Responsable del tratamiento de sus datos personales: Grupo Anjamax\u00a0\u00a0(\u201cAnjamax\u201d) Domicilio del Responsable: Av. Urano 26, Interior 2, Colonia Jardines de Mocambo, Boca del R\u00edo, Veracruz, C.P. 94299 Tel\u00e9fonos: 55-86-16-13-09 Correo electr\u00f3nico: grupoanjamax@anjamax.com Como responsable del tratamiento de sus datos personales,\u00a0Anjamax\u00a0estamos comprometidos con la protecci\u00f3n de sus datos personales. Por tanto, hemos&#8230;<\/p>\n","protected":false},"author":1,"featured_media":0,"parent":0,"menu_order":0,"comment_status":"closed","ping_status":"closed","template":"","meta":{"ocean_post_layout":"full-screen","ocean_both_sidebars_style":"","ocean_both_sidebars_content_width":0,"ocean_both_sidebars_sidebars_width":0,"ocean_sidebar":"","ocean_second_sidebar":"","ocean_disable_margins":"enable","ocean_add_body_class":"","ocean_shortcode_before_top_bar":"","ocean_shortcode_after_top_bar":"","ocean_shortcode_before_header":"","ocean_shortcode_after_header":"","ocean_has_shortcode":"","ocean_shortcode_after_title":"","ocean_shortcode_before_footer_widgets":"","ocean_shortcode_after_footer_widgets":"","ocean_shortcode_before_footer_bottom":"","ocean_shortcode_after_footer_bottom":"","ocean_display_top_bar":"default","ocean_display_header":"default","ocean_header_style":"","ocean_center_header_left_menu":"","ocean_custom_header_template":"","ocean_custom_logo":0,"ocean_custom_retina_logo":0,"ocean_custom_logo_max_width":0,"ocean_custom_logo_tablet_max_width":0,"ocean_custom_logo_mobile_max_width":0,"ocean_custom_logo_max_height":0,"ocean_custom_logo_tablet_max_height":0,"ocean_custom_logo_mobile_max_height":0,"ocean_header_custom_menu":"","ocean_menu_typo_font_family":"","ocean_menu_typo_font_subset":"","ocean_menu_typo_font_size":0,"ocean_menu_typo_font_size_tablet":0,"ocean_menu_typo_font_size_mobile":0,"ocean_menu_typo_font_size_unit":"px","ocean_menu_typo_font_weight":"","ocean_menu_typo_font_weight_tablet":"","ocean_menu_typo_font_weight_mobile":"","ocean_menu_typo_transform":"","ocean_menu_typo_transform_tablet":"","ocean_menu_typo_transform_mobile":"","ocean_menu_typo_line_height":0,"ocean_menu_typo_line_height_tablet":0,"ocean_menu_typo_line_height_mobile":0,"ocean_menu_typo_line_height_unit":"","ocean_menu_typo_spacing":0,"ocean_menu_typo_spacing_tablet":0,"ocean_menu_typo_spacing_mobile":0,"ocean_menu_typo_spacing_unit":"","ocean_menu_link_color":"","ocean_menu_link_color_hover":"","ocean_menu_link_color_active":"","ocean_menu_link_background":"","ocean_menu_link_hover_background":"","ocean_menu_link_active_background":"","ocean_menu_social_links_bg":"","ocean_menu_social_hover_links_bg":"","ocean_menu_social_links_color":"","ocean_menu_social_hover_links_color":"","ocean_disable_title":"default","ocean_disable_heading":"default","ocean_post_title":"","ocean_post_subheading":"","ocean_post_title_style":"","ocean_post_title_background_color":"","ocean_post_title_background":0,"ocean_post_title_bg_image_position":"","ocean_post_title_bg_image_attachment":"","ocean_post_title_bg_image_repeat":"","ocean_post_title_bg_image_size":"","ocean_post_title_height":0,"ocean_post_title_bg_overlay":0.5,"ocean_post_title_bg_overlay_color":"","ocean_disable_breadcrumbs":"default","ocean_breadcrumbs_color":"","ocean_breadcrumbs_separator_color":"","ocean_breadcrumbs_links_color":"","ocean_breadcrumbs_links_hover_color":"","ocean_display_footer_widgets":"default","ocean_display_footer_bottom":"default","ocean_custom_footer_template":"","_joinchat":[],"footnotes":""},"class_list":["post-446","page","type-page","status-publish","hentry","entry","owp-thumbs-layout-horizontal","owp-btn-normal","owp-tabs-layout-horizontal","has-no-thumbnails","has-product-nav"],"_links":{"self":[{"href":"https:\/\/sandbox.vam.com.mx\/index.php\/wp-json\/wp\/v2\/pages\/446","targetHints":{"allow":["GET"]}}],"collection":[{"href":"https:\/\/sandbox.vam.com.mx\/index.php\/wp-json\/wp\/v2\/pages"}],"about":[{"href":"https:\/\/sandbox.vam.com.mx\/index.php\/wp-json\/wp\/v2\/types\/page"}],"author":[{"embeddable":true,"href":"https:\/\/sandbox.vam.com.mx\/index.php\/wp-json\/wp\/v2\/users\/1"}],"replies":[{"embeddable":true,"href":"https:\/\/sandbox.vam.com.mx\/index.php\/wp-json\/wp\/v2\/comments?post=446"}],"version-history":[{"count":109,"href":"https:\/\/sandbox.vam.com.mx\/index.php\/wp-json\/wp\/v2\/pages\/446\/revisions"}],"predecessor-version":[{"id":4538,"href":"https:\/\/sandbox.vam.com.mx\/index.php\/wp-json\/wp\/v2\/pages\/446\/revisions\/4538"}],"wp:attachment":[{"href":"https:\/\/sandbox.vam.com.mx\/index.php\/wp-json\/wp\/v2\/media?parent=446"}],"curies":[{"name":"wp","href":"https:\/\/api.w.org\/{rel}","templated":true}]}}